{"version":"1.0","provider_name":"POLYAS","provider_url":"https:\/\/www.polyas.de\/blog","author_name":"Peter Schraeder","author_url":"https:\/\/www.polyas.de\/blog\/author\/peter-schraeder","title":"Ren\u00e9 Wendland \u00fcber die Urwahl zum Spitzenkandidaten der FDP Bayern","type":"rich","width":600,"height":338,"html":"<blockquote class=\"wp-embedded-content\" data-secret=\"dBVE52TrfT\"><a href=\"https:\/\/www.polyas.de\/blog\/de\/kundeninterview\/fdp-bayern\">Ren\u00e9 Wendland zur Urwahl des Spitzenkandidaten der FDP Bayern<\/a><\/blockquote><iframe sandbox=\"allow-scripts\" security=\"restricted\" src=\"https:\/\/www.polyas.de\/blog\/de\/kundeninterview\/fdp-bayern\/embed#?secret=dBVE52TrfT\" width=\"600\" height=\"338\" title=\"&#8222;Ren\u00e9 Wendland zur Urwahl des Spitzenkandidaten der FDP Bayern&#8220; &#8212; POLYAS\" data-secret=\"dBVE52TrfT\" frameborder=\"0\" marginwidth=\"0\" marginheight=\"0\" scrolling=\"no\" class=\"wp-embedded-content\"><\/iframe><script type=\"text\/javascript\">\n\/*! This file is auto-generated *\/\n!function(d,l){\"use strict\";var e=!1,o=!1;if(l.querySelector)if(d.addEventListener)e=!0;if(d.wp=d.wp||{},!d.wp.receiveEmbedMessage)if(d.wp.receiveEmbedMessage=function(e){var t=e.data;if(t)if(t.secret||t.message||t.value)if(!\/[^a-zA-Z0-9]\/.test(t.secret)){for(var r,a,i,s=l.querySelectorAll('iframe[data-secret=\"'+t.secret+'\"]'),n=l.querySelectorAll('blockquote[data-secret=\"'+t.secret+'\"]'),o=new RegExp(\"^https?:$\",\"i\"),c=0;c<n.length;c++)n[c].style.display=\"none\";for(c=0;c<s.length;c++)if(r=s[c],e.source===r.contentWindow){if(r.removeAttribute(\"style\"),\"height\"===t.message){if(1e3<(i=parseInt(t.value,10)))i=1e3;else if(~~i<200)i=200;r.height=i}if(\"link\"===t.message)if(a=l.createElement(\"a\"),i=l.createElement(\"a\"),a.href=r.getAttribute(\"src\"),i.href=t.value,o.test(i.protocol))if(i.host===a.host)if(l.activeElement===r)d.top.location.href=t.value}}},e)d.addEventListener(\"message\",d.wp.receiveEmbedMessage,!1),l.addEventListener(\"DOMContentLoaded\",t,!1),d.addEventListener(\"load\",t,!1);function t(){if(!o){o=!0;for(var e,t,r,a=-1!==navigator.appVersion.indexOf(\"MSIE 10\"),i=!!navigator.userAgent.match(\/Trident.*rv:11\\.\/),s=l.querySelectorAll(\"iframe.wp-embedded-content\"),n=0;n<s.length;n++){if(!(r=(t=s[n]).getAttribute(\"data-secret\")))r=Math.random().toString(36).substr(2,10),t.src+=\"#?secret=\"+r,t.setAttribute(\"data-secret\",r);if(a||i)(e=t.cloneNode(!0)).removeAttribute(\"security\"),t.parentNode.replaceChild(e,t);t.contentWindow.postMessage({message:\"ready\",secret:r},\"*\")}}}}(window,document);\n<\/script>\n","thumbnail_url":"https:\/\/i0.wp.com\/www.polyas.de\/blog\/wp-content\/uploads\/2018\/04\/Urwahl-der-FDP-Bayern-online.jpg?fit=860%2C200&ssl=1","thumbnail_width":860,"thumbnail_height":200,"description":"Die FDP Bayern hat den Spitzenkandidaten zur Landtagswahl als erster Landesverband einer Partei in einer digitalen Urwahl bestimmt. Wir haben mit Ren\u00e9 Wendland, Hauptgesch\u00e4ftsf\u00fchrer der Bayern FDP, \u00fcber die digitale Online-Wahl gesprochen."}

René Wendland über die Urwahl zum Spitzenkandidaten der FDP Bayern

<blockquote class="wp-embedded-content" data-secret="dBVE52TrfT"><a href="https://www.polyas.de/blog/de/kundeninterview/fdp-bayern">René Wendland zur Urwahl des Spitzenkandidaten der FDP Bayern</a></blockquote><iframe sandbox="allow-scripts" security="restricted" src="https://www.polyas.de/blog/de/kundeninterview/fdp-bayern/embed#?secret=dBVE52TrfT" width="600" height="338" title="&#8222;René Wendland zur Urwahl des Spitzenkandidaten der FDP Bayern&#8220; &#8212; POLYAS" data-secret="dBVE52TrfT" frameborder="0" marginwidth="0" marginheight="0" scrolling="no" class="wp-embedded-content"></iframe><script type="text/javascript">
/*! This file is auto-generated */
!function(d,l){"use strict";var e=!1,o=!1;if(l.querySelector)if(d.addEventListener)e=!0;if(d.wp=d.wp||{},!d.wp.receiveEmbedMessage)if(d.wp.receiveEmbedMessage=function(e){var t=e.data;if(t)if(t.secret||t.message||t.value)if(!/[^a-zA-Z0-9]/.test(t.secret)){for(var r,a,i,s=l.querySelectorAll('iframe[data-secret="'+t.secret+'"]'),n=l.querySelectorAll('blockquote[data-secret="'+t.secret+'"]'),o=new RegExp("^https?:$","i"),c=0;c<n.length;c++)n[c].style.display="none";for(c=0;c<s.length;c++)if(r=s[c],e.source===r.contentWindow){if(r.removeAttribute("style"),"height"===t.message){if(1e3<(i=parseInt(t.value,10)))i=1e3;else if(~~i<200)i=200;r.height=i}if("link"===t.message)if(a=l.createElement("a"),i=l.createElement("a"),a.href=r.getAttribute("src"),i.href=t.value,o.test(i.protocol))if(i.host===a.host)if(l.activeElement===r)d.top.location.href=t.value}}},e)d.addEventListener("message",d.wp.receiveEmbedMessage,!1),l.addEventListener("DOMContentLoaded",t,!1),d.addEventListener("load",t,!1);function t(){if(!o){o=!0;for(var e,t,r,a=-1!==navigator.appVersion.indexOf("MSIE 10"),i=!!navigator.userAgent.match(/Trident.*rv:11\./),s=l.querySelectorAll("iframe.wp-embedded-content"),n=0;n<s.length;n++){if(!(r=(t=s[n]).getAttribute("data-secret")))r=Math.random().toString(36).substr(2,10),t.src+="#?secret="+r,t.setAttribute("data-secret",r);if(a||i)(e=t.cloneNode(!0)).removeAttribute("security"),t.parentNode.replaceChild(e,t);t.contentWindow.postMessage({message:"ready",secret:r},"*")}}}}(window,document);
</script>

Die FDP Bayern hat den Spitzenkandidaten zur Landtagswahl als erster Landesverband einer Partei in einer digitalen Urwahl bestimmt. Wir haben mit René Wendland, Hauptgeschäftsführer der Bayern FDP, über die digitale Online-Wahl gesprochen.
